r?
False
Let u(r) = 6*r - 11. Let p = 0 + 3. Suppose p = 2*z - 13. Is u(z) a prime number?
True
Let w(q) = q**3 + 5*q**2 + 2*q + 3. Let h be w(-3). Let p = h + -9. Suppose r = -2 + p. Is r a composite number?
True
Let g(w) = 1 + 21*w + 7*w + 67*w. Let o = 1 - -1. Is g(o) prime?
True
Suppose -d + 199 = -4*q, -4*d + 2*q + 751 = q. Is d prime?
False
Suppose -o = 3*q + 9, 0*q + 5*q = -2*o - 14. Suppose -o*k = -5*k. Suppose -3*w = -k*w - 237. Is w a composite number?
False
Let z(g) be the second derivative of g**4/24 + 11*g**3/6 + g**2/2 - g. Let f(v) be the first derivative of z(v). Is f(10) a prime number?
False
Let w(m) = m**3 + m**2 + 2*m + 4. Let u be w(3). Suppose 174 = 4*n - u. Is n composite?
True
Suppose -2 = -3*h - 5. Is h/(0 + 1) + 4 a composite number?
False
Suppose -4*r + n + 2926 = -2*r, 5*r - 7337 = -3*n. Is r a prime number?
False
Let i = -3 + 1. Let o be (-3 + 153)/3 - i. Suppose y + 3*y = o. Is y a composite number?
False
Suppose -638 = -2*z - 3*n, 319 = 2*z - z - n. Is z a prime number?
False
Let a(o) = o**3 + o**2 + o + 141. Is a(0) a prime number?
False
Is 67 + 1 + -3 + 2 composite?
False
Let t = 3103 + -2016. Is t a prime number?
True
Suppose 0 = 2*d - 783 + 249. Let z = 502 - d. Is z a composite number?
True
Suppose 0*w + 4*w = 708. Is -2*(w/(-6))/1 a prime number?
True
Let k = 0 + -1. Let f(l) = -78*l**3 + l. Let q be f(k). Suppose z + 2*s = 2*z - 63, 5*s - q = -z. Is z composite?
False
Let r = 70 - -61. Is r prime?
True
Let d(j) = -j. Let w(s) = 80*s - 1. Let f(t) = -3*d(t) - w(t). Let o be f(-3). Suppose 0*a = v - 3*a - 94, -a = 3*v - o. Is v a composite number?
False
Let a = 2 - 4. Let g = 1 - a. Suppose -3*w + 4*b + 25 = 0, 4*w + g*b - 54 = -2*b. Is w prime?
True
Suppose 0*y + y = -5. Suppose 3*l + 52 = -2*p + 400, 0 = -2*l + 3*p + 219. Let f = l - y. Is f a prime number?
False
Let c = -29 + 60. Is c a composite number?
False
Let k(h) = 7*h**3 + h**2 - 2. Let m be k(2). Let a(z) = -z**3 - 5*z**2 + 7*z + 9. Let v be a(-6). Let l = m - v. Is l a prime number?
False
Let r(a) = 5*a**2 + 6*a + 3. Let d = 4 + -9. Let h be r(d). Let g = -45 + h. Is g a prime number?
True
Suppose -2*l + 79 = -l. Suppose -5*p + 249 = l. Is p a prime number?
False
Let f be (-9)/12 + 10/(-8). Is 333 + (-1 - f - -1) composite?
True
Let c(i) = 36*i + 55. Is c(17) prime?
False
Let i = -1219 + 3714. Is i prime?
False
Suppose -2*m - 746 = -4*b, -5*m - 9 = -2*m. Is b composite?
True
Let y(k) = 9*k**2 - 2*k. Is y(-3) a prime number?
False
Let m = 9 + 6. Is m composite?
True
Let n = -341 - -65. Let w be (n/9)/(2/(-12)). Suppose 4*q - w = 28. Is q composite?
False
Suppose 10*c - 6894 = 4*c. Is c a prime number?
False
Let t(m) = -m**2 - 6*m - 1. Let f be t(-6). Let d = f + 6. Suppose -1122 = -d*n - 3*x - 352, x + 476 = 3*n. Is n a prime number?
True
Suppose -7*b + 9 = -4*b. Suppose b*o + 0*o = 483. Is o composite?
True
Let h(x) = x**3 + 17*x**2 + 10*x + 31. Is h(-16) a prime number?
True
Let q(u) be the second derivative of -u**5/20 - 5*u**4/12 - 7*u**3/6 + 7*u**2/2 + 4*u. Is q(-6) a prime number?
False
Suppose 4*u + 4*a - 2680 = 0, 0 = 5*u - 3*a + 1532 - 4906. Is u a prime number?
True
Suppose 4 = -x + 3*x, 2*p + 8 = 3*x. Let d be 148*((-1)/(-2) + p). Let r = d - -105. Is r a composite number?
False
Let q(u) = 3*u**2 - u + 1. Is q(-4) a prime number?
True
Suppose 0 = -2*u - u - 3*k + 21, 15 = 5*u + k. Is u - ((-1254)/2)/3 composite?
False
Let t(d) = 6*d**2 + 2*d + 1. Suppose 2*x - 9 = x + 4*b, -4*b = 3*x + 21. Is t(x) a prime number?
False
Let k = 2283 - 542. Is k a composite number?
False
Suppose -3*l = -2*i - 10, -2*l + 0*l + 11 = 3*i. Is 99 + i + 3/(-1) prime?
True
Let s be 1/2*10/5. Let n be 8/5 + (-2)/(-5). Suppose 0 = -n*t + 9 - s. Is t a prime number?
False
Let z = -47 - -265. Suppose -m - z = -3*m. Is m prime?
True
Let h = -5 - -4. Let s = h + 3. Suppose s*a = 3*b - 23, 0*b = b + 5*a - 2. Is b prime?
True
Suppose -3*q + 6*q = -114. Let r be (-1)/(3/(-3)) - q. Suppose 5*x = r + 116. Is x composite?
False
Suppose 4*c = 4*i, 0*i - 3*i = c - 4. Is 0 - i*-22 - -1 a composite number?
False
Suppose -v + 315 = 4*v. Suppose 3*h - v = 54. Is h a prime number?
False
Let a(p) = 19*p**2 + 9*p + 5. Is a(-6) a composite number?
True
Let p = 1 + 4. Suppose -w + 467 = p*t, -w + 775 - 296 = 2*t. Is w a prime number?
True
Suppose -5*x = -13 - 2. Let g = 92 - x. Is g prime?
True
Suppose -p - 649 = -4*v - 0*p, -v + 5*p = -148. Is v a prime number?
True
Let a = 11 + -8. Let n(g) = 10 + 8*g - 3 - 2 - 6. Is n(a) composite?
False
Suppose 5*j = 4*f + 447 + 888, 3*j - 799 = 2*f. Is j a prime number?
True
Let s(j) = -272*j**3 + 1. Let m be s(1). Suppose 193 = 3*l - 4*l + u, 578 = -3*l + 2*u. Let r = l - m. Is r a prime number?
True
Let w(d) = 11*d. Let n be w(1). Let p = n + -26. Let z = p - -52. Is z composite?
False
Let t = -159 - -238. Is t a prime number?
True
Suppose 2597 = -4*t - y + 6469, 0 = 2*t - 4*y - 1918. Is t a prime number?
True
Is 3330 + -1 - (5 - (3 - -2)) composite?
False
Let r be (-1 - -160) + 2 + -1. Suppose -f - 2*w - 31 = -2*f, -5*f + r = -5*w. Is 3*f/18*4 a composite number?
True
Let v(o) = o**3 - o. Let j(k) = -4*k**3 - 4*k**2 + 6*k - 6. Let g(y) = j(y) + 3*v(y). Suppose 4*p + 0 = -20. Is g(p) a prime number?
False
Suppose 2*w = 3*i + 60, 0*i + 4*i + 116 = 4*w. Let z be 1/2 + w/6. Let h(n) = n**3 - 3*n**2 - 8*n + 5. Is h(z) composite?
True
Let x(z) = z**3 + 8*z**2 - 10*z + 5. Is x(-9) a prime number?
False
Let i(y) = y. Let b be i(2). Suppose 0 = -k - b*o - 3*o + 87, 3*o - 146 = -2*k. Is k composite?
False
Let s = 948 + -637. Is s prime?
True
Is ((-4)/(-8))/(3/978) prime?
True
Suppose -8 = -5*y + 12. Suppose -3*b + 4*s - 22 = -b, 4*b + y*s + 44 = 0. Let v = b + 24. Is v a prime number?
True
Let t(w) = 16*w + 1. Let u(m) = -m**2 - 10*m - 2. Let z be u(-9). Suppose z = f + 4. Is t(f) composite?
True
Let c = 34 - 15. Is c a prime number?
True
Let t = -7 - -12. Suppose -o = -q - 6 - t, 5*q = -o - 49. Let f(i) = i**3 + 11*i**2 - 5*i - 5. Is f(q) prime?
False
Let p(n) = -46*n - 5. Let k(i) = 91*i + 10. Let v(q) = 2*k(q) + 5*p(q). Is v(-7) a prime number?
True
Suppose 9*o - 4*o - 245 = 0. Suppose -4*h - 5*v + 192 = 0, -v = -6*h + 3*h + 163. Suppose -3*f + h = -o. Is f prime?
False
Let z = 155 - -8. Is z composite?
False
Let y be 8 - -28 - 2*1. Let f = y - 9. Is f a composite number?
True
Let t(l) = 15*l - 5. Is t(8) prime?
False
Is (893/(-2))/(2*(-1)/4) a prime number?
False
Let p(x) = 6*x**2 + 11*x - 13. Is p(6) prime?
True
Suppose -3*u + 2*u = -5. Let g = 9 - u. Suppose -132 = -g*h + 88. Is h a composite number?
True
Suppose 4*s = 2*s + 2. Suppose 0*t - 4 = 3*l + 2*t, -4*t - 8 = 0. Is 127/(l + s/1) a composite number?
False
Let a = 1 - 0. Suppose -4*m + a + 19 = 0. Suppose -7 = -m*k + 3. Is k composite?
False
Let o = 0 - -20. Suppose 5*x + o = 0, s = 5*x + 74 - 5. Is s a composite number?
True
Let y = -14 + 8. Is 20/y*(-66)/4 composite?
True
Suppose -p - 2*p = -12. Suppose p*d + 179 = 5*s + d, -2*d = 5*s - 164. Let l = 149 - s. Is l a prime number?
False
Let m be -4 - (-4 + 1)*-1. Let p(i) = 2*i**2 + 7*i + 4. Is p(m) prime?
True
Let k = 23 + -15. Let p(b) = b**2 + 3*b + 7. Is p(k) a composite number?
True
Suppose -316 + 87 = -q. Suppose 0 = 2*i - q + 75. Is i prime?
False
Let f = 838 + -361. Suppose 3*n + 5*l = f, 3*n + 2*n - 795 = -4*l. Is n prime?
False
Let m = -70 + 125. Is m composite?
True
Is ((6/(-18))/1)/(1/(-5769)) composite?
True
Suppose 669 = 5*y + 64. Is (-2*y)/(2*-1) a composite number?
True
Suppose -2*p - 3*w + 38 = -3, -4*w - 160 = -5*p. Let d = 47 - p. Is d composite?
False
Suppose -2*d - 38 = 3*x - 3*d, 2*x = 4*d - 12. Let z = x - -21. Is z a prime number?
True
Let a(f) = -f**3 - 6*f**2 + 7*f + 2. Let d be a(-7). Let q(h) = -d + 2 + 2*h**2 + 6*h - 3. Is q(4) prime?
True
Let d = -9 - -11. Let k be (3 + -4)*2 + d. Suppose -2*z - 1 + 21 = k. Is z a composite number?
True
Let n(w) = w**2 + 85. Is n(0) prime?
False
Suppose -3*h + 106 + 207 = w, -2*w + h + 591 = 0. Is w a prime number?
False
Let q(n) = -32*n - 6. Let v = 12 - 22. Let a = v + 6. Is q(a) prime?
False
Let d(o) = 10*o - 7. Suppose p + p = 12. Is d(p) a composite number?
False
Suppose 0*h - 3*h + 11 = 2*k, 0 = 4*h - k. Let o(f) = -40*f**3 + 2*f**2 - f. Let n be o(h). Is (1 - -1)/((-